(g) = -g**3 + 10*g**2 + 10*g + 9. Let h be ((-9)/5)/((-2)/10). Let j be n(h). Suppose 2*v = -3*m + 121, 5*m - j = m + 2*v. Is m a composite number?
False
Suppose 2*v - 3*v = 0. Suppose 0 = -v*s + 3*s. Is (-1 - s) + 76/2 composite?
False
Suppose -639 = -5*v + 2106. Suppose -4*w = -w - v. Let c = w - 104. Is c a prime number?
True
Let n(t) = 19*t + 2. Let p be 26/6 + (-10)/30. Suppose -2*z = 3*l - 19, -4 = -2*l + p*l - 2*z. Is n(l) prime?
True
Let t be (10/(-3))/((-5)/(-15) - 1). Is t/40 + (-7159)/(-8) prime?
False
Let s = 219 - 215. Suppose -4155 = -2*b + 5*a, -626 = -2*b + a + 3549. Is s - b/(-6 + 4) a composite number?
False
Suppose -1574 = -2*y - 2*f, 7*y = 3*y + 3*f + 3148. Is y composite?
False
Let k be 4/(-6)*(-9279)/6. Let b = k - 474. Is b composite?
False
Let m be (-4)/(-3) - (-4344)/36. Suppose 0 = 4*s - m + 34. Is s prime?
False
Let q be ((-7)/2 - -3)*-8. Suppose -2 = d + q*u + 4, 0 = -2*d - u + 2. Suppose o - d*m = 45, 3 = -2*m + 9. Is o a prime number?
False
Suppose 2*r + 5*c - 2659 - 2587 = 0, -5*r + 13177 = -3*c. Is r prime?
True
Let r = -1958 + 202. Let f = -119 - r. Is f a prime number?
True
Suppose 4*r = 3814 + 4902. Is r a composite number?
False
Suppose 5*p = 6*p + 1. Let x(w) = 4*w**2 + w. Let h be x(p). Is 62*((-6)/h)/(-4) a composite number?
False
Let a(z) = -z**2 - 9*z + 14. Let y be a(-10). Let x be ((-4)/(-6))/(y/12). Let v = x + 5. Is v composite?
False
Suppose -6068 = -11*u + 7*u. Suppose 4*o + 457 = u. Let r = o - 108. Is r composite?
False
Suppose 18*p + 61728 = 4*x + 13*p, -x - 5*p = -15407. Is x prime?
True
Suppose w = -5*d + 156183, 124956 = 14*d - 10*d - 4*w. Is d a prime number?
True
Suppose -18 - 6 = -4*r. Suppose 0*b - 1146 = -r*b. Is b a composite number?
False
Let g(l) = l**3 + 13*l**2 - 8. Let d be g(-13). Is (-19041)/(-21) + d/(-28) composite?
False
Suppose 4*c - 18 = -2*q - 0*q, 2*c + 5*q - 13 = 0. Let n(y) = 78*y - 10. Is n(c) prime?
False
Let n(q) = 59337*q**2 - 3*q - 1. Is n(1) prime?
True
Let i be 4/(-22) - (-57)/11. Suppose 0*h - 12 = 4*h - 4*v, 0 = 5*h + i*v - 35. Suppose -3*y = h*d - 191, -3*y + 355 = 2*y - 4*d. Is y a composite number?
False
Suppose 4*t - 9 - 3 = 0. Suppose 28 = 2*o - 2*k, 3*k - 1 = -o - t. Is o a prime number?
False
Let o(x) = 292*x**3 - x + 2. Suppose 2*s = 2*n - 12, 5*n + 3 = -2*s - 2. Is o(n) prime?
True
Let q = 19377 + -12758. Is q prime?
True
Let n(y) = 18*y**2 + 23*y**2 + 2 + 1 - y - 44*y**2 - 432*y**3. Is n(-2) a prime number?
True
Suppose -2*p + 1272 = -1860. Is p - (-3 + 7) - 3 a composite number?
False
Suppose -6*q - 60090 = -12*q. Is q prime?
False
Suppose 0 = n - 2, 4*v - 2*v + 3*n + 2268 = 0. Let x = 2288 + v. Is x composite?
False
Suppose 2*t + 8695 = 5*g - 12650, 0 = -2*g - 2*t + 8552. Is g prime?
True
Suppose 7*g + 1453 = 4120. Is g a prime number?
False
Let a = 820 + -419. Suppose -8*g - 8448 = 36*g. Let y = g + a. Is y composite?
True
Suppose 0 = 2*x + 2*x. Suppose m + 7 = -0*h + h, x = 2*h + 3*m - 4. Suppose -h*r + 435 = 2*a - 274, 3*a = 3*r - 438. Is r prime?
False
Let o be (-69570)/(-5) - 2 - -1. Suppose -9*d + 11098 = -o. Is d a composite number?
True
Let b = 209 - 42. Suppose 3*g = 94 + b. Suppose -4*s + 61 = -g. Is s a prime number?
True
Let o be (-1 - (9/3 + -4554)) + -1. Suppose 6*b - 2249 - o = 0. Is b prime?
False
Let m = 8 - 8. Suppose 5*o - o = m. Suppose o = 3*q - 2*f - 322, -5*q + 0*f - 4*f + 522 = 0. Is q a composite number?
True
Let u(c) = 2*c**2 - 1 + 13*c + 0*c**2 - c**2. Is u(13) a prime number?
True
Let b(x) = 3*x**2 - 7*x + 4 + x**3 + 0*x + 4*x. Let h be b(-4). Suppose -2*o + 2726 = -2*c + c, 2*o - 5*c - 2742 = h. Is o composite?
False
Let z be 1/(-5) - (85048/10)/(-4). Suppose 4*v - 5*k = 1213 + z, -3*k - 2502 = -3*v. Is v composite?
True
Let p(o) = -o - 5. Let d be p(-3). Let s be (d + 0)/((-1)/2). Suppose -3*a - s = -31. Is a a prime number?
False
Suppose 2*t + 1 + 1 = 0, t = -4*x - 181. Is 2/(-15) + ((-49146)/x - -5) prime?
True
Let p = 21749 - 13996. Is p prime?
True
Suppose -c = -2922 - 2618. Suppose -3*l - c = -7*l. Is l prime?
False
Suppose -8*i + 20 = -20. Suppose -4*l + 2105 = 3*m - 2*l, -2*l = i*m - 3507. Is m prime?
True
Is (-3903 + (7 - 3))*-1 a composite number?
True
Suppose 19*t - 21545 = 54170. Is t a composite number?
True
Suppose 0*v = -9*v + 981. Is v a composite number?
False
Suppose 24*p = 21*p. Suppose p = f - 7*f + 30. Suppose -4*o + 2*b + 746 = 0, 5*o - f*b + 0*b = 940. Is o a composite number?
True
Let q be 1/2*(2 + 8). Suppose 0 = 5*k + q*f - 210, -3*k + 137 = -4*f - 17. Let p = k - 9. Is p a composite number?
False
Is ((-16804)/16)/(2/(16/(-2))) prime?
True
Let o(b) = 29*b**3 - 5*b**2 - 16*b + 53. Is o(6) composite?
True
Let i(v) = v**3 - 12*v**2 - 32*v + 10. Let u be (-58)/(-493) - (-287)/17. Is i(u) composite?
False
Let o(u) = u + 5. Let j be o(10). Is 20/j - 346/(-6) prime?
True
Suppose 9005 = b + 5*p - 3*p, p = 4*b - 35993. Is b prime?
True
Let y = -257 - 514. Let s = -430 - y. Is s prime?
False
Suppose -66040 = o - 41*o. Is o a prime number?
False
Suppose 143564 = 51*q - 97207. Is q prime?
True
Suppose 3*j = 10*j - 45521. Is j composite?
True
Let r be 9/(90/28)*1405. Let l be (r/(-21))/((-2)/(-3)). Let u = 530 + l. Is u prime?
False
Let p(h) = h**2 - 5*h + 6. Let f be p(4). Suppose 0 = -f*x + 8, 5 = -3*v + 3*x + 2*x. Suppose 0 = -r + 3*a + 214, 672 = 3*r - 4*a + v*a. Is r a prime number?
True
Let i(r) = 58*r - 9. Suppose 2 = 4*n - 14. Is i(n) composite?
False
Let h be (8/(-14))/(12/(-42)). Let p(k) = 0 + 7 + 0*k + h*k. Is p(6) composite?
False
Let j be (-3 - (-2 + 0))*-625 + 0. Let u = -438 + j. Is u prime?
False
Let q(w) = -20*w + 11. Let a be q(-11). Suppose 107 = v - n, -2*v - 35 + a = 4*n. Suppose v = 3*c - 70. Is c a prime number?
False
Suppose 13 = x + 4. Suppose -11*i = -x*i - 616. Suppose -3*v + 0*v - 308 = -4*j, i = 4*j - 5*v. Is j prime?
False
Suppose 0 = 4*i - 4*z, -5*i + 4*z - 8 = 3*z. Is (i/4)/((-14)/47404) prime?
True
Let q(l) = -18005*l**3 + 5*l**2 + 5*l + 2. Is q(-1) a prime number?
False
Let v = -4 - -8. Let p(o) = 23*o**2 + 11*o - 5. Is p(v) a composite number?
True
Let r(q) = 20*q**2 - 12*q + 11. Let d(f) = -20*f**2 + 11*f - 10. Let k(o) = -4*d(o) - 3*r(o). Let a = -195 - -200. Is k(a) prime?
True
Let v = 20 + -16. Suppose 0 = x + 3*x + v*p - 2364, 2*p = -4*x + 2356. Suppose 2*m + x = 3*m. Is m a prime number?
True
Let y be (-2445)/(-165) - 2/(-11). Let c = -15 + y. Let r(l) = -l**3 + l**2 + 83. Is r(c) a composite number?
False
Let f(o) be the first derivative of 5*o**4/4 + 2*o**3/3 + o**2 - 3. Let r = 4 - 1. Is f(r) a composite number?
True
Let a = 3102 - 1783. Is a composite?
False
Suppose 2*p - 3 = 1. Let b be (19 - 13) + p/(-1). Suppose 106 = b*k - 1570. Is k a composite number?
False
Let t = 51910 - 21611. Is t a prime number?
False
Let z(s) = 372*s + 119. Is z(12) a prime number?
True
Let l(n) = -950*n - 103. Is l(-7) prime?
True
Let x = -20 + 1107. Is x a composite number?
False
Suppose 0 = -8*g - 1099 + 5499. Let k = g + -373. Is k a prime number?
False
Let w be 1/2 - 374/(-4). Let k be (-16)/((-768)/13410) + 6/(-16). Let m = k - w. Is m composite?
True
Suppose 20*n - 41*n + 421554 = 0. Is n composite?
True
Let r(y) = 51*y - 7. Let t(a) = -a. Let l(q) = r(q) + 6*t(q). Is l(18) a prime number?
False
Let s(h) = 471*h**3 + 4*h**2 + 2*h. Let r be s(-1). Is (-1 + 0)*r - 0 a prime number?
False
Let c(f) = f**2 - 11*f + 7. Let u be c(10). Is 13/(40/13 + u) prime?
False
Suppose -25 = -5*k - 0. Suppose -k*v - 2*v = -259. Is v composite?
False
Is 15/(-35) + 1506*(-264)/(-28) prime?
False
Let z(f) = -6*f**3 - f**2 - 3*f - 2. Let m be z(-2). Is m/(-12) - 2260/(-2) a composite number?
True
Suppose 0*h = -2*h + 10. Suppose 4*y - 8 = 2*l, 4*l - y + 28 = -h*y. Let k(c) = -17*c - 5. Is k(l) prime?
True
Let h = -132 + 134. Suppose -2*m + c + 582 = -4*c, 0 = 4*m - 3*c - 1164. Suppose -m = v - h*v. Is v a composite number?
True
Suppose 3*k = -3*k + 31638. Is k prime?
True
Is 3/(-4) - (-3334567)/292 a prime number?
False
Let f(u) = u**3 - u**2 - u + 1. Let x be f(1). Suppose 10*n - 15*n + 4265 = x. Is n a prime number?
True
Is -4*(-3 + (4 - (-795)/(-10))) prime?
False
Let o(z) = 331*z - 2. Suppose 0*m + 3 = 3*m. Is o(m) composite?
True
Let h be (5690 - 2) + (-6 - -5). Suppose 5*a - 3*x - h = -0*a